e remainder when 539 is divided by 293.
246
What is the remainder when 801452 is divided by 283?
279
What is the remainder when 491 is divided by 117?
23
Calculate the remainder when 36101 is divided by 145.
141
Calculate the remainder when 16963 is divided by 461.
367
Calculate the remainder when 5541 is divided by 1106.
11
What is the remainder when 383725 is divided by 54814?
27
Calculate the remainder when 25099 is divided by 963.
61
Calculate the remainder when 8450 is divided by 426.
356
Calculate the remainder when 228071 is divided by 449.
428
What is the remainder when 4152 is divided by 94?
16
What is the remainder when 3721 is divided by 238?
151
What is the remainder when 50513 is divided by 29?
24
Calculate the remainder when 2683 is divided by 586.
339
Calculate the remainder when 531698 is divided by 75956.
6
What is the remainder when 241487 is divided by 216?
215
Calculate the remainder when 7291 is divided by 7.
4
What is the remainder when 197 is divided by 182?
15
What is the remainder when 5611 is divided by 807?
769
Calculate the remainder when 47672 is divided by 123.
71
Calculate the remainder when 22029 is divided by 113.
107
What is the remainder when 167085 is divided by 33?
6
What is the remainder when 13214 is divided by 110?
14
What is the remainder when 38399 is divided by 12777?
68
Calculate the remainder when 1780 is divided by 355.
5
What is the remainder when 82766 is divided by 774?
722
Calculate the remainder when 61609 is divided by 146.
143
Calculate the remainder when 2123 is divided by 107.
90
Calculate the remainder when 10269 is divided by 2096.
1885
What is the remainder when 284128 is divided by 21?
19
What is the remainder when 29877 is divided by 701?
435
Calculate the remainder when 26720 is divided by 35.
15
Calculate the remainder when 104819 is divided by 171.
167
What is the remainder when 2539 is divided by 488?
99
What is the remainder when 81011 is divided by 22?
7
Calculate the remainder when 6198 is divided by 3098.
2
Calculate the remainder when 188208 is divided by 97.
28
Calculate the remainder when 447759 is divided by 21.
18
Calculate the remainder when 891995 is divided by 147.
146
What is the remainder when 11788 is divided by 258?
178
What is the remainder when 6007 is divided by 2000?
7
Calculate the remainder when 214489 is divided by 21.
16
What is the remainder when 13757 is divided by 765?
752
Calculate the remainder when 70021 is divided by 223.
222
What is the remainder when 365950 is divided by 161?
158
Calculate the remainder when 77669 is divided by 1553.
19
What is the remainder when 8499 is divided by 2776?
171
What is the remainder when 86275 is divided by 8?
3
What is the remainder when 38890 is divided by 9706?
66
Calculate the remainder when 70 is divided by 15.
10
What is the remainder when 85029 is divided by 231?
21
Calculate the remainder when 18588 is divided by 16.
12
What is the remainder when 579959 is divided by 45?
44
Calculate the remainder when 958 is divided by 310.
28
What is the remainder when 425031 is divided by 60?
51
Calculate the remainder when 33491 is divided by 243.
200
What is the remainder when 1270 is divided by 406?
52
What is the remainder when 4835 is divided by 19?
9
Calculate the remainder when 4124 is divided by 373.
21
Calculate the remainder when 124872 is divided by 10405.
12
What is the remainder when 37398 is divided by 174?
162
What is the remainder when 482 is divided by 245?
237
Calculate the remainder when 56507 is divided by 1775.
1482
What is the remainder when 33015 is divided by 86?
77
Calculate the remainder when 4738 is divided by 106.
74
Calculate the remainder when 7307 is divided by 53.
46
What is the remainder when 36859 is divided by 482?
227
What is the remainder when 25695 is divided by 118?
89
Calculate the remainder when 11561 is divided by 20.
1
What is the remainder when 10397 is divided by 51?
44
Calculate the remainder when 1060106 is divided by 18.
14
Calculate the remainder when 1931 is divided by 218.
187
What is the remainder when 5875 is divided by 2884?
107
Calculate the remainder when 90943 is divided by 392.
391
What is the remainder when 6968 is divided by 3473?
22
Calculate the remainder when 6740 is divided by 1634.
204
What is the remainder when 46140 is divided by 367?
265
Calculate the remainder when 147596 is divided by 13.
7
What is the remainder when 44314 is divided by 44300?
14
What is the remainder when 7306 is divided by 1812?
58
Calculate the remainder when 4428 is divided by 2028.
372
Calculate the remainder when 9615 is divided by 4.
3
Calculate the remainder when 43704 is divided by 151.
65
Calculate the remainder when 3916 is divided by 3905.
11
Calculate the remainder when 27065 is divided by 4.
1
What is the remainder when 23139 is divided by 326?
319
Calculate the remainder when 516080 is divided by 73724.
12
What is the remainder when 575 is divided by 42?
29
What is the remainder when 323354 is divided by 14?
10
What is the remainder when 402 is divided by 88?
50
Calculate the remainder when 166294 is divided by 70.
44
Calculate the remainder when 60192 is divided by 1672.
0
What is the remainder when 50065 is divided by 320?
145
What is the remainder when 478651 is divided by 864?
859
Calculate the remainder when 150 is divided by 35.
10
What is the remainder when 566190 is divided by 59?
26
Calculate the remainder when 1059 is divided by 475.
109
Calculate the remainder when 3710 is divided by 1354.
1002
What is the remainder when 1132 is divided by 1104?
28
What is the remainder when 1367 is divided by 237?
182
Calculate the remainder when 84480 is divided by 9.
6
Calculate the remainder when 11088 is divided by 614.
36
Calculate the remainder when 26514 is divided by 219.
15
What is the remainder when 1821 is divided by 232?
197
What is the remainder when 1327596 is divided by 52?
36
Calculate the remainder when 35132 is divided by 17524.
84
Calculate the remainder when 2440 is divided by 164.
144
What is the remainder when 860 is divided by 439?
421
What is the remainder when 12882 is divided by 505?
257
Calculate the remainder when 9334 is divided by 2177.
626
Calculate the remainder when 32925 is divided by 112.
109
Calculate the remainder when 4850 is divided by 11.
10
What is the remainder when 721897 is divided by 40?
17
What is the remainder when 36942 is divided by 596?
586
What is the remainder when 42357 is divided by 985?
2
What is the remainder when 1406107 is divided by 3895?
12
Calculate the remainder when 24017 is divided by 11705.
607
Calculate the remainder when 1601 is divided by 434.
299
What is the remainder when 313038 is divided by 364?
362
Calculate the remainder when 5301 is divided by 1324.
5
What is the remainder when 417 is divided by 87?
69
What is the remainder when 228057 is divided by 90?
87
What is the remainder when 71860 is divided by 9?
4
What is the remainder when 452 is divided by 67?
50
What is the remainder when 55445 is divided by 196?
173
Calculate the remainder when 14920 is divided by 138.
16
What is the remainder when 81142 is divided by 126?
124
What is the remainder when 59808 is divided by 36?
12
What is the remainder when 91213 is divided by 501?
31
Calculate the remainder when 3605 is divided by 356.
45
Calculate the remainder when 5655 is divided by 1370.
175
What is the remainder when 9641 is divided by 1603?
23
Calculate the remainder when 1294369 is divided by 770.
769
What is the remainder when 1732 is divided by 254?
208
What is the remainder when 7582848 is divided by 550?
548
Calculate the remainder when 3396 is divided by 268.
180
Calculate the remainder when 19259 is divided by 187.
185
What is the remainder when 29325 is divided by 13?
10
Calculate the remainder when 56804 is divided by 719.
3
Calculate the remainder when 7325 is divided by 322.
241
Calculate the remainder when 28089 is divided by 157.
143
Calculate the remainder when 214926 is divided by 35.
26
Calculate the remainder when 15372 is divided by 100.
72
Calculate the remainder when 6029 is divided by 1214.
1173
What is the remainder when 140194 is divided by 1189?
1081
Calculate the remainder when 12402 is divided by 47.
41
What is the remain